base 11.
-32a720
-12225322 (base 6) to base 3
-201221112112
Convert -1022001221221 (base 3) to base 9.
-1261857
b7b2 (base 14) to base 16
7be0
Convert -52552522 (base 6) to base 5.
-343221403
5824a9 (base 12) to base 3
2122211221010
What is -5a675 (base 11) in base 5?
-10243243
89aa (base 14) to base 8
56472
Convert -112021101001202 (base 3) to base 14.
-1016468
What is -100111000101100111 (base 2) in base 14?
-424bd
What is -1959b2 (base 12) in base 16?
-6cc56
-21006 (base 10) to base 9
-31730
What is 2104424 (base 6) in base 11?
6a79a
What is -9473b4 (base 12) in base 15?
-311d31
-14320031 (base 5) to base 15
-2ec46
4102114 (base 6) to base 3
100220022201
ca00 (base 13) to base 8
66626
What is -11576 (base 12) in base 6?
-255430
What is 808460 (base 9) in base 7?
4032225
10aca9 (base 13) to base 6
12250410
Convert -6a249 (base 13) to base 16.
-2f4c7
1001010101101011 (base 2) to base 7
216343
-101544516 (base 8) to base 11
-97a3133
-1907d (base 15) to base 14
-217c2
What is -15010305 (base 6) in base 10?
-514625
Convert -9b24 (base 15) to base 4.
-20001310
What is -11540443 (base 8) in base 12?
-a2596b
1020021210012 (base 3) to base 8
2377556
What is -7a10a7 (base 16) in base 2?
-11110100001000010100111
Convert -33966b (base 13) to base 11.
-763a2a
What is -329967 (base 10) in base 8?
-1204357
What is -1112100202112 (base 3) in base 16?
-c6c26
-141361 (base 8) to base 14
-14289
What is -18354 (base 16) in base 8?
-301524
Convert 431416 (base 10) to base 5.
102301131
1616631 (base 8) to base 2
1110001110110011001
100101110100000010101011 (base 2) to base 10
9912491
670891 (base 12) to base 2
110010000001111101101
1010001110111101110 (base 2) to base 13
b9837
Convert 47251 (base 12) to base 3.
11211211221
Convert -416219 (base 10) to base 9.
-703845
Convert 54065 (base 14) to base 7.
1504155
-100321312 (base 4) to base 7
-405601
-3127112 (base 8) to base 16
-cae4a
What is -320103 (base 8) in base 14?
-2ab99
11614 (base 12) to base 7
125026
Convert -a575de (base 15) to base 3.
-112210221010102
111220022001 (base 3) to base 9
456261
What is -2222112102 (base 3) in base 9?
-88472
What is 72532 (base 10) in base 9?
120441
What is -157a97 (base 13) in base 8?
-2015533
What is -224113 (base 6) in base 15?
-59a3
61123 (base 10) to base 14
183bd
-1d1ba (base 16) to base 6
-2315550
Convert -3b13d (base 14) to base 3.
-21101211200
What is 2710667 (base 11) in base 9?
8731776
Convert 1101111100100001000010 (base 2) to base 11.
2077686
What is 3311321302 (base 5) in base 14?
d3a73d
What is 1162526 (base 9) in base 16?
9a3bf
-1323240034 (base 5) to base 14
-62c0d8
-b830bb (base 12) to base 15
-3c6b12
What is -1222312010 (base 4) in base 15?
-89a0b
What is 246260 (base 8) in base 12?
41354
What is 11144 (base 9) in base 5?
214121
Convert 33bb78 (base 13) to base 2.
100101011001111010111
What is 1352223 (base 7) in base 5?
21242001
What is 2010212122101 (base 3) in base 5?
242423132
2154573 (base 10) to base 13
5a58c5
Convert -113131 (base 8) to base 15.
-b60e
Convert -41411210 (base 5) to base 13.
-bc53b
What is 2201201 (base 5) in base 14?
da32
What is -204110043 (base 5) in base 14?
-180c15
-480464 (base 10) to base 5
-110333324
Convert -1010100100010010000 (base 2) to base 4.
-1110202100
What is -10100101100011111 (base 2) in base 9?
-138245
What is -1667b (base 12) in base 5?
-2011223
144080 (base 9) to base 2
10101100011011001
What is -14862 (base 16) in base 11?
-58184
554424 (base 6) to base 5
2441014
What is -425464 (base 7) in base 9?
-122437
Convert -751747 (base 8) to base 4.
-331033213
What is -48658b (base 13) in base 6?
-101011030
222201102220 (base 3) to base 12
214436
6987 (base 11) to base 16
23d2
Convert 13044265 (base 7) to base 5.
301000421
What is -564b5 (base 14) in base 9?
-348323
What is 1320301332 (base 4) in base 10?
494718
-100111220210 (base 3) to base 6
-4003033
What is -2252521 (base 6) in base 9?
-186064
What is -2101049 (base 11) in base 15?
-4d2e22
What is -246316 (base 7) in base 13?
-178b1
-454987 (base 11) to base 10
-723917
11100111001000011111 (base 2) to base 10
946719
Convert 138071 (base 9) to base 14.
22bac
400314 (base 6) to base 10
31222
What is 1001001111111010111010 (base 2) in base 6?
123544322
Convert -11001000011110001 (base 2) to base 10.
-102641
Convert 86581 (base 11) to base 2.
11110101101110000
121102021111101 (base 3) to base 11
4a1a279
What is 11100001002120 (base 3) in base 12?
9311b9
What is 12111002000220 (base 3) in base 14?
55c234
What is 1a54a7 (base 16) in base 12?
6b2747
500761 (base 14) to base 11
157851a
Convert 134482 (base 10) to base 7.
1100035
Convert 2182020 (base 12) to base 4.
120120012120
Convert 5522253 (base 6) to base 8.
1031531
What is -252035 (base 6) in base 15?
-69e2
Convert 446465 (base 7) to base 4.
103110131
Convert -14700226 (base 9) to base 3.
-111210000020220
What is -1a1499 (base 12) in base 13?
-13098c
-a4c496 (base 14) to base 3
-101110202202211
Convert 361700 (base 9) to base 11.
139709
What is 6601a9 (base 11) in base 14?
1d637a
-245ce (base 16) to base 7
-1160143
What is 15235565 (base 7) in base 6?
51102152
Convert 22240422 (base 5) to base 4.
233330022
What is 10024012444 (base 5) in base 11?
5700183
-25603325 (base 8) to base 14
-a866c5
What is 103112013 (base 4) in base 11?
54596
1313032321 (base 4) to base 11
303a1a
-13037 (base 13) to base 11
-24499
535660 (base 9) to base 2
1001101111010001001
141824 (base 9) to base 8
251244
203129 (base 10) to base 2
110001100101111001
What is 451399 (base 10) in base 6?
13401451
Convert -11645 (base 9) to base 5.
-222232
What is -661736 (base 8) in base 10?
-222174
What is -386b50 (base 13) in base 7?
-14352435
-1305048 (base 9) to base 10
-712277
-24400245 (base 6) to base 7
-6416231
14345303 (base 6) to base 9
835663
Convert 1010002253 (base 6) to base 5.
10122430134
What is -4232022 (base 5) in base 2?
-10001010011100111
What is 203235135 (base 6) in base 4?
31123110203
Convert 1402234 (base 5) to base 9.
43014
Convert -1000010000100100011 (base 2) to base 14.
-708a7
22212433 (base 5) to base 9
326121
1023214312 (base 5) to base 2
1000010000001111111011
Convert 20220332022 (base 4) to base 11.
1307784
What is -e109 (base 16) in base 14?
-16dcd
What is -31322022 (base 4) in base 15?
-11d30
What is 223023232 (base 4) in base 9?
288561
202012220012 (base 3) to base 11
251aa0
3233220011 (base 4) to base 12
3b4005
Convert -3200302 (base 6) to base 12.
-76092
Convert -cc9760 (base 13) to base 12.
-1744b2a
What is -8a300 (base 12) in base 9?
-308760
What is 1303105 (base 7) in base 4?
221103001
213540 (base 9) to base 12
617b3
-a53d49 (base 16) to base 10
-10829129
What is 8a6e8 (base 15) in base 3?
211101000002
What is -2571336 (base 9) in base 11?
-87a707
Convert 124170 (base 12) to base 16.
489e4
Convert 11321322000 (base 4) to base 2.
101111001111010000000
What is -123967 (base 10) in base 13?
-4456c
3b75a (base 13) to base 3
12122102010
What is 11000000110000100110 (base 2) in base 8?
3006046
What is 5a8894 (base 13) in base 12?
882798
What is 30322302310 (base 4) in base 3?
20101001110201
-6153b (base 14) to base 7
-1664004
What is -202467 (base 9) in base 2?
-11101010010000101
Convert -4444200 (base 6) to base 9.
-371050
Convert 13523462 (base 7) to base 3.
2101100102222
Convert 75b25a (base 16) to base 7.
122363650
Convert 133435 (base 6) to base 11.
9415
Convert -77564 (base 8) to base 3.
-1122202110
-ac91e3 (base 15) to base 10
-8232063
What is -2403505 (base 13) in base 9?
-22867671
17ab1 (base 12) to base 8
103145
Convert 3430424102 (base 5) to base 16.
750aff
What is 10001000110111100001011 (base 2) in base 5?
2122004000
Convert -2760670 (base 10) to base 15.
-397e9a
-101001111011111111011110 (base 2) to base 15
-e7258a
-100001000101010100001 (base 2) to base 12
-443429
-429905 (base 10) to base 6
-13114145
-870877 (base 13) to base 16
-306589
677241 (base 11) to base 12
4400a5
-134692 (base 12) to base 11
-1a8683
402bd (base 15) to base 11
129682
-2791216 (base 11) to base 4
-102110303332
Convert -110103321230 (base 4) to base 12.
-19492b8
What is 1531345 (base 7) in base 13?
74416
What is dc2a (base 16) in base 5?
3300422
16216617 (base 8) to base 13
a10983
Convert -3670b (base 15) to base 16.
-2a68f
Convert